lculate the greatest common divisor of 2464 and 1463.
77
Calculate the greatest common factor of 96 and 168.
24
Calculate the greatest common factor of 26877 and 186.
93
Calculate the highest common divisor of 255 and 85.
85
What is the highest common divisor of 27 and 3753?
27
What is the highest common divisor of 19 and 323?
19
Calculate the highest common divisor of 16 and 108.
4
What is the greatest common divisor of 2264 and 8?
8
Calculate the highest common divisor of 4496 and 16.
16
What is the greatest common divisor of 75 and 365?
5
What is the greatest common divisor of 59 and 295?
59
Calculate the greatest common divisor of 3422 and 58.
58
What is the highest common divisor of 240 and 1500?
60
Calculate the greatest common divisor of 2318 and 114.
38
What is the greatest common factor of 90 and 5760?
90
What is the greatest common factor of 539 and 49?
49
Calculate the highest common divisor of 54 and 108.
54
Calculate the greatest common divisor of 5 and 780.
5
What is the greatest common factor of 36 and 212?
4
Calculate the greatest common factor of 425 and 25.
25
What is the highest common divisor of 24 and 696?
24
What is the greatest common factor of 12249 and 18?
9
What is the highest common divisor of 198 and 198?
198
What is the highest common divisor of 8 and 15328?
8
What is the highest common factor of 90 and 405?
45
What is the greatest common divisor of 81 and 99?
9
What is the greatest common factor of 156 and 104?
52
What is the greatest common divisor of 5256 and 18?
18
What is the greatest common factor of 8 and 572?
4
Calculate the greatest common factor of 58 and 2726.
58
Calculate the highest common factor of 527 and 17.
17
Calculate the highest common factor of 1536 and 60.
12
Calculate the greatest common factor of 200 and 8.
8
Calculate the highest common divisor of 2645 and 115.
115
Calculate the greatest common factor of 270 and 60.
30
What is the greatest common factor of 1393 and 199?
199
Calculate the greatest common divisor of 2353 and 13.
13
Calculate the greatest common divisor of 3 and 3.
3
Calculate the greatest common factor of 3 and 1128.
3
What is the greatest common divisor of 34 and 38335?
17
Calculate the highest common factor of 105 and 990.
15
What is the highest common divisor of 24757 and 19?
19
Calculate the greatest common factor of 1925 and 462.
77
Calculate the greatest common factor of 36 and 2061.
9
Calculate the greatest common factor of 34602 and 438.
438
Calculate the greatest common divisor of 10 and 160.
10
What is the greatest common divisor of 1015 and 116?
29
What is the greatest common divisor of 24 and 12696?
24
What is the greatest common divisor of 11 and 77759?
11
What is the greatest common divisor of 988 and 418?
38
Calculate the greatest common divisor of 4757 and 536.
67
What is the highest common factor of 2334 and 6?
6
Calculate the greatest common divisor of 427 and 14.
7
Calculate the greatest common divisor of 4350 and 232.
58
What is the greatest common divisor of 221 and 5109?
13
Calculate the highest common factor of 130 and 91.
13
Calculate the greatest common factor of 12 and 138.
6
What is the highest common factor of 48 and 128?
16
Calculate the greatest common factor of 22 and 14751.
11
What is the greatest common divisor of 3395 and 805?
35
Calculate the highest common divisor of 4380 and 600.
60
What is the greatest common factor of 43 and 2107?
43
What is the highest common divisor of 30 and 555?
15
Calculate the highest common divisor of 75 and 525.
75
What is the highest common factor of 147 and 21?
21
Calculate the greatest common divisor of 63 and 9198.
63
Calculate the greatest common factor of 20 and 295.
5
What is the highest common divisor of 533 and 779?
41
What is the greatest common factor of 54 and 378?
54
Calculate the greatest common factor of 12 and 148.
4
What is the highest common divisor of 1359 and 306?
9
Calculate the highest common factor of 4161 and 657.
219
What is the highest common divisor of 40 and 1685?
5
Calculate the highest common factor of 164 and 123.
41
Calculate the highest common factor of 15 and 60.
15
Calculate the greatest common divisor of 116 and 812.
116
Calculate the greatest common factor of 3496 and 414.
46
Calculate the highest common divisor of 176 and 1166.
22
What is the greatest common factor of 128 and 8896?
64
Calculate the greatest common divisor of 126 and 594.
18
Calculate the highest common divisor of 70 and 14.
14
What is the greatest common factor of 65 and 26?
13
What is the greatest common factor of 486 and 54?
54
Calculate the highest common divisor of 399 and 105.
21
Calculate the greatest common divisor of 107 and 321.
107
Calculate the greatest common divisor of 256 and 22.
2
What is the greatest common factor of 1837 and 297?
11
Calculate the greatest common factor of 7 and 2653.
7
What is the highest common factor of 15 and 255?
15
What is the highest common divisor of 45 and 9?
9
Calculate the greatest common divisor of 270 and 1035.
45
Calculate the greatest common factor of 1863 and 23.
23
Calculate the greatest common factor of 100 and 75.
25
What is the highest common factor of 25 and 27425?
25
What is the greatest common factor of 819 and 156?
39
Calculate the highest common factor of 189 and 135.
27
Calculate the highest common divisor of 4480 and 175.
35
What is the highest common divisor of 77 and 704?
11
Calculate the highest common divisor of 59 and 118.
59
Calculate the highest common factor of 910 and 50.
10
What is the highest common factor of 336 and 486?
6
Calculate the greatest common divisor of 74 and 703.
37
Calculate the highest common factor of 40 and 848.
8
Calculate the greatest common divisor of 134 and 1742.
134
What is the highest common factor of 8 and 6?
2
Calculate the greatest common factor of 11049 and 696.
87
Calculate the highest common factor of 4075 and 25.
25
What is the greatest common divisor of 59 and 2419?
59
Calculate the greatest common factor of 1862 and 342.
38
What is the greatest common factor of 524 and 18602?
262
Calculate the highest common factor of 128 and 48.
16
What is the greatest common factor of 286 and 1222?
26
Calculate the highest common divisor of 47 and 1551.
47
Calculate the greatest common divisor of 554 and 10.
2
Calculate the greatest common factor of 903 and 21.
21
Calculate the greatest common factor of 32 and 3872.
32
Calculate the greatest common factor of 81 and 3.
3
What is the greatest common divisor of 38 and 646?
38
Calculate the highest common divisor of 441 and 189.
63
What is the highest common divisor of 24 and 2872?
8
Calculate the highest common divisor of 891 and 33.
33
What is the greatest common factor of 737 and 11?
11
Calculate the highest common divisor of 147 and 56.
7
Calculate the greatest common factor of 14271 and 213.
213
Calculate the highest common divisor of 170 and 204.
34
Calculate the greatest common divisor of 256 and 20.
4
Calculate the greatest common factor of 426 and 3124.
142
What is the highest common divisor of 280 and 1000?
40
Calculate the greatest common factor of 2773 and 94.
47
Calculate the highest common factor of 50445 and 59.
59
What is the highest common divisor of 27 and 414?
9
Calculate the greatest common divisor of 52 and 52.
52
What is the highest common factor of 13440 and 21?
21
Calculate the highest common factor of 14 and 28973.
7
What is the greatest common factor of 252 and 1036?
28
Calculate the greatest common divisor of 42 and 48.
6
What is the greatest common factor of 85 and 5?
5
Calculate the highest common factor of 3 and 2.
1
Calculate the highest common factor of 26 and 598.
26
Calculate the highest common divisor of 20 and 100.
20
What is the greatest common divisor of 305 and 2135?
305
Calculate the greatest common divisor of 150 and 130.
10
What is the highest common factor of 3000 and 1100?
100
Calculate the highest common factor of 5085 and 90.
45
What is the highest common divisor of 1606 and 22?
22
Calculate the highest common factor of 25 and 75.
25
Calculate the greatest common factor of 135 and 729.
27
Calculate the greatest common divisor of 4 and 344.
4
What is the highest common divisor of 30 and 8130?
30
What is the highest common fact